der when 16331 is divided by 16320.
11
What is the remainder when 14275 is divided by 102?
97
Calculate the remainder when 798130 is divided by 908.
906
What is the remainder when 2809 is divided by 16?
9
Calculate the remainder when 19246 is divided by 640.
46
Calculate the remainder when 162041 is divided by 54011.
8
Calculate the remainder when 698942 is divided by 1072.
1070
What is the remainder when 860 is divided by 144?
140
What is the remainder when 126 is divided by 12?
6
What is the remainder when 3244 is divided by 19?
14
Calculate the remainder when 629340 is divided by 209776.
12
What is the remainder when 1259 is divided by 67?
53
Calculate the remainder when 120175 is divided by 56.
55
What is the remainder when 9118 is divided by 52?
18
What is the remainder when 219571 is divided by 3992?
11
Calculate the remainder when 5528 is divided by 166.
50
Calculate the remainder when 12168 is divided by 813.
786
What is the remainder when 816952 is divided by 13?
6
Calculate the remainder when 463713 is divided by 38.
37
What is the remainder when 572999 is divided by 100?
99
Calculate the remainder when 21097 is divided by 10438.
221
What is the remainder when 1290732 is divided by 430240?
12
What is the remainder when 154103 is divided by 14006?
37
What is the remainder when 126044 is divided by 274?
4
What is the remainder when 152900 is divided by 974?
956
Calculate the remainder when 70966 is divided by 7885.
1
What is the remainder when 282 is divided by 242?
40
Calculate the remainder when 343499 is divided by 171749.
1
Calculate the remainder when 3821 is divided by 427.
405
What is the remainder when 876518 is divided by 85?
83
What is the remainder when 1908 is divided by 857?
194
What is the remainder when 90188 is divided by 440?
428
Calculate the remainder when 131373 is divided by 16.
13
What is the remainder when 7124 is divided by 1413?
59
What is the remainder when 41044 is divided by 3730?
14
What is the remainder when 1343 is divided by 1236?
107
Calculate the remainder when 77412 is divided by 534.
516
What is the remainder when 3411 is divided by 1127?
30
Calculate the remainder when 37559 is divided by 3414.
5
Calculate the remainder when 17803 is divided by 1271.
9
Calculate the remainder when 506 is divided by 118.
34
Calculate the remainder when 19724 is divided by 1801.
1714
Calculate the remainder when 14506 is divided by 539.
492
Calculate the remainder when 150 is divided by 125.
25
Calculate the remainder when 1808 is divided by 1759.
49
Calculate the remainder when 164731 is divided by 759.
28
Calculate the remainder when 416414 is divided by 1065.
1064
What is the remainder when 582 is divided by 357?
225
Calculate the remainder when 19421 is divided by 388.
21
Calculate the remainder when 6194 is divided by 207.
191
What is the remainder when 2492 is divided by 86?
84
What is the remainder when 22896 is divided by 61?
21
Calculate the remainder when 81884 is divided by 103.
102
Calculate the remainder when 1863 is divided by 16.
7
What is the remainder when 11114 is divided by 262?
110
What is the remainder when 443924 is divided by 755?
739
What is the remainder when 7619 is divided by 33?
29
Calculate the remainder when 1114 is divided by 438.
238
What is the remainder when 230606 is divided by 58?
56
Calculate the remainder when 8135 is divided by 7602.
533
What is the remainder when 170738 is divided by 170710?
28
Calculate the remainder when 86242 is divided by 86229.
13
What is the remainder when 3160457 is divided by 567?
566
What is the remainder when 4372 is divided by 1887?
598
Calculate the remainder when 219651 is divided by 497.
474
What is the remainder when 1076 is divided by 543?
533
What is the remainder when 29769 is divided by 13?
12
What is the remainder when 79138 is divided by 911?
792
What is the remainder when 749656 is divided by 456?
448
What is the remainder when 32665 is divided by 78?
61
Calculate the remainder when 207025 is divided by 68996.
37
Calculate the remainder when 9331 is divided by 33.
25
Calculate the remainder when 28377 is divided by 16.
9
What is the remainder when 6350 is divided by 2056?
182
What is the remainder when 465 is divided by 142?
39
Calculate the remainder when 343405 is divided by 339.
337
Calculate the remainder when 59270 is divided by 89.
85
Calculate the remainder when 10588 is divided by 11.
6
What is the remainder when 7302 is divided by 33?
9
What is the remainder when 159367 is divided by 39841?
3
What is the remainder when 179463 is divided by 754?
11
What is the remainder when 145082 is divided by 5802?
32
What is the remainder when 548 is divided by 110?
108
What is the remainder when 38421 is divided by 133?
117
What is the remainder when 2325 is divided by 257?
12
What is the remainder when 162177 is divided by 209?
202
What is the remainder when 12236 is divided by 1023?
983
Calculate the remainder when 1383 is divided by 413.
144
What is the remainder when 3559 is divided by 19?
6
What is the remainder when 116184 is divided by 148?
4
Calculate the remainder when 1576277 is divided by 89.
87
What is the remainder when 1398 is divided by 260?
98
What is the remainder when 38230 is divided by 38215?
15
Calculate the remainder when 11755 is divided by 67.
30
What is the remainder when 769614 is divided by 35?
34
Calculate the remainder when 24967 is divided by 195.
7
What is the remainder when 10118 is divided by 5051?
16
Calculate the remainder when 26012 is divided by 6501.
8
Calculate the remainder when 5026 is divided by 5015.
11
What is the remainder when 440956 is divided by 110236?
12
What is the remainder when 38575 is divided by 876?
31
What is the remainder when 2621 is divided by 405?
191
Calculate the remainder when 198863 is divided by 1401.
1322
Calculate the remainder when 257425 is divided by 4438.
21
Calculate the remainder when 2516981 is divided by 181.
176
Calculate the remainder when 2121 is divided by 19.
12
Calculate the remainder when 1994 is divided by 341.
289
What is the remainder when 113459 is divided by 122?
121
What is the remainder when 2210 is divided by 156?
26
What is the remainder when 90898 is divided by 120?
58
Calculate the remainder when 4614 is divided by 3780.
834
Calculate the remainder when 507 is divided by 183.
141
Calculate the remainder when 265041 is divided by 190.
181
What is the remainder when 47325 is divided by 408?
405
What is the remainder when 893 is divided by 91?
74
Calculate the remainder when 43080 is divided by 60.
0
Calculate the remainder when 17020 is divided by 6.
4
Calculate the remainder when 550 is divided by 92.
90
Calculate the remainder when 40317 is divided by 64.
61
What is the remainder when 4815 is divided by 436?
19
Calculate the remainder when 281397 is divided by 19.
7
Calculate the remainder when 10986 is divided by 549.
6
Calculate the remainder when 2640 is divided by 238.
22
What is the remainder when 90146 is divided by 939?
2
Calculate the remainder when 745 is divided by 111.
79
Calculate the remainder when 22148 is divided by 934.
666
Calculate the remainder when 256694 is divided by 229.
214
What is the remainder when 34056 is divided by 725?
706
What is the remainder when 24193 is divided by 12085?
23
Calculate the remainder when 242731 is divided by 78.
73
Calculate the remainder when 528127 is divided by 21125.
2
Calculate the remainder when 5004 is divided by 55.
54
Calculate the remainder when 1892 is divided by 410.
252
Calculate the remainder when 16493 is divided by 4117.
25
Calculate the remainder when 4602 is divided by 497.
129
Calculate the remainder when 15153 is divided by 233.
8
What is the remainder when 556 is divided by 47?
39
Calculate the remainder when 10883 is divided by 44.
15
Calculate the remainder when 399131 is divided by 136.
107
Calculate the remainder when 411 is divided by 53.
40
What is the remainder when 108793 is divided by 24?
1
What is the remainder when 6054 is divided by 6021?
33
Calculate the remainder when 6732429 is divided by 2153.
2151
Calculate the remainder when 17384 is divided by 5794.
2
What is the remainder when 189573 is divided by 77?
76
Calculate the remainder when 44656 is divided by 12.
4